{"id":2,"date":"2013-08-27T04:24:26","date_gmt":"2013-08-27T04:24:26","guid":{"rendered":"http:\/\/www.publicconsulting.cl\/?page_id=2"},"modified":"2017-02-17T22:24:07","modified_gmt":"2017-02-17T22:24:07","slug":"pagina-ejemplo","status":"publish","type":"page","link":"https:\/\/www.publicconsulting.cl\/?page_id=2","title":{"rendered":"Nuestra Empresa"},"content":{"rendered":"<p style=\"text-align: justify;\">Public Consulting\u00a0\u2013 Consultores Asociados, Empresa orientada a satisfacer las necesidades de Capacitaci\u00f3n a Instituciones Publicas y Privadas, ofreciendo una amplia gama de cursos, seminarios, actividades de desarrollo, crecimiento personal y profesional.<\/p>\n<p style=\"text-align: justify;\">Acad\u00e9micos de excelencia, gran experiencia organizativa y capacidad de innovaci\u00f3n puesta a su servicio, le permitir\u00e1 aumentar sus niveles de eficiencia, mejorar su productividad con sus clientes actuales e insertarse mejor en nuevos mercados, de acuerdo a las crecientes exigencias.<\/p>\n<p style=\"text-align: justify;\">Algunas de las \u00c1reas son:<\/p>\n<ul>\n<li>Liderazgo, Coaching y Trabajo en Equipo<\/li>\n<li>Programaci\u00f3n Neuro Ling\u00fc\u00edstica<\/li>\n<li>Resoluci\u00f3n de Conflictos<\/li>\n<li>Negociaci\u00f3n, Ventas y Servicio al Cliente<\/li>\n<li>Oratoria, Comunicaci\u00f3n y Presentaciones Efectivas<\/li>\n<li>Dise\u00f1o- Autocad, B\u00e1sico, Avanzado, 3D Y Archicad<\/li>\n<li>Project<\/li>\n<li>Log\u00edstica<\/li>\n<li>Estad\u00edsticas<\/li>\n<li>Inventario y Bodega<\/li>\n<li>Excelencia Secretarial<\/li>\n<li>Ceremonial y Protocolo<\/li>\n<li>Posicionamiento Geogr\u00e1fico- G.I.S, GPS Y Arc View<\/li>\n<li>Inform\u00e1tica<\/li>\n<li>Turismo<\/li>\n<li>Administraci\u00f3n y Gesti\u00f3n de la Capacitaci\u00f3n<\/li>\n<li>Operaci\u00f3n y Mantenci\u00f3n de Maquinaria Pesada<\/li>\n<li>Cocina Internacional<\/li>\n<li>Tem\u00e1ticas T\u00e9cnicas Especificas etc.<\/li>\n<\/ul>\n<p>Public Consulting \u2013 Consultores Asociados.<br \/>\nCuenta con un Departamento de Capacitaci\u00f3n de Estudios y Asesor\u00edas destinadas a apoyar los requerimientos del desarrollo de las comunas y regiones del pa\u00eds, denominado:<\/p>\n<p>\u201cEscuela Municipal de Capacitaci\u00f3n Continua\u201d en donde se desarrollan las siguientes \u00e1reas.<\/p>\n<p>&nbsp;<\/p>\n<p>&nbsp;<\/p>\n<ul>\n<li>Finanzas y Presupuesto Municipal<\/li>\n<li>Direcci\u00f3n Municipal<\/li>\n<li>Recursos Humanos<\/li>\n<li>Talleres Orientados a los Sectores de Educaci\u00f3n y Salud<\/li>\n<li>Dise\u00f1o y Evaluaci\u00f3n de Proyectos Sociales y Productivos<\/li>\n<li>Evaluaci\u00f3n de Programas Sociales<\/li>\n<li>Talleres a representantes de Organizaciones Comunitarias<\/li>\n<li>Seminarios dirigidos a Alcaldes y Concejales<\/li>\n<li>Fuentes de Financiamientos para el Desarrollo Local<\/li>\n<li>Marketing Municipal<\/li>\n<li>Legislaci\u00f3n, Uso y Aplicaciones del Portal Chilecompra<\/li>\n<li>Talleres Orientados a la Organizaci\u00f3n Municipal Integral<\/li>\n<\/ul>\n<p>Public Consulting,\u00a0posee un Staff altamente calificado con los mejores acad\u00e9micos especialistas en sus \u00e1reas, con Mag\u00edster y Post grados. Con la capacidad de entregar un plan de capacitaci\u00f3n a lo largo de todo el territorio nacional, contamos con la mejor infraestructura para realizar nuestras actividades y en lugares innovadores como:<\/p>\n<ul>\n<li>Auditorios de primer nivel<\/li>\n<li>Centros Recreacionales<\/li>\n<li>Canchas de Paintball<\/li>\n<li>Cruceros www.skorpios.cl<\/li>\n<li>Canopy<\/li>\n<li>Rafting<\/li>\n<li>etc<\/li>\n<\/ul>\n<p>Ejecutandose en ciudades como:<\/p>\n<ul>\n<li>Arica<\/li>\n<li>Iquique<\/li>\n<li>Serena<\/li>\n<li>Vi\u00f1a del Mar<\/li>\n<li>Santiago<\/li>\n<li>Talca<\/li>\n<li>Concepci\u00f3n<\/li>\n<li>Temuco<\/li>\n<li>Valdivia<\/li>\n<li>Puerto Montt<\/li>\n<li>Castro<\/li>\n<li>Coyhaique<\/li>\n<li>Punta Arenas<\/li>\n<\/ul>\n","protected":false},"excerpt":{"rendered":"<p>Public Consulting\u00a0\u2013 Consultores Asociados, Empresa orientada a satisfacer las necesidades de Capacitaci\u00f3n a Instituciones Publicas y Privadas, ofreciendo una amplia gama de cursos, seminarios, actividades de desarrollo, crecimiento personal y profesional. Acad\u00e9micos de excelencia, gran experiencia organizativa y capacidad de innovaci\u00f3n puesta a su servicio, le permitir\u00e1 aumentar sus niveles de eficiencia, mejorar su productividad [&hellip;]<\/p>\n","protected":false},"author":1,"featured_media":0,"parent":0,"menu_order":0,"comment_status":"closed","ping_status":"closed","template":"","meta":{"_mi_skip_tracking":false},"_links":{"self":[{"href":"https:\/\/www.publicconsulting.cl\/index.php?rest_route=\/wp\/v2\/pages\/2"}],"collection":[{"href":"https:\/\/www.publicconsulting.cl\/index.php?rest_route=\/wp\/v2\/pages"}],"about":[{"href":"https:\/\/www.publicconsulting.cl\/index.php?rest_route=\/wp\/v2\/types\/page"}],"author":[{"embeddable":true,"href":"https:\/\/www.publicconsulting.cl\/index.php?rest_route=\/wp\/v2\/users\/1"}],"replies":[{"embeddable":true,"href":"https:\/\/www.publicconsulting.cl\/index.php?rest_route=%2Fwp%2Fv2%2Fcomments&post=2"}],"version-history":[{"count":5,"href":"https:\/\/www.publicconsulting.cl\/index.php?rest_route=\/wp\/v2\/pages\/2\/revisions"}],"predecessor-version":[{"id":29,"href":"https:\/\/www.publicconsulting.cl\/index.php?rest_route=\/wp\/v2\/pages\/2\/revisions\/29"}],"wp:attachment":[{"href":"https:\/\/www.publicconsulting.cl\/index.php?rest_route=%2Fwp%2Fv2%2Fmedia&parent=2"}],"curies":[{"name":"wp","href":"https:\/\/api.w.org\/{rel}","templated":true}]}}